28649
List the prime factors of 8181808.
2, 61, 83, 101
List the prime factors of 257342325.
3, 5, 829, 4139
What are the prime factors of 76657251?
3, 11, 211177
What are the prime factors of 4766362256?
2, 297897641
List the prime factors of 44384453.
44384453
What are the prime factors of 77976172?
2, 19494043
List the prime factors of 2580999337.
7, 109, 283, 11953
List the prime factors of 154550112.
2, 3, 1609897
List the prime factors of 3278741444.
2, 11, 74516851
List the prime factors of 35753174.
2, 19, 37, 59, 431
List the prime factors of 4475648408.
2, 7, 11, 7265663
What are the prime factors of 74045495?
5, 293, 50543
What are the prime factors of 207744763?
23, 9032381
List the prime factors of 24292210.
2, 5, 73, 107, 311
List the prime factors of 49567940.
2, 5, 67, 71, 521
What are the prime factors of 406422235?
5, 81284447
List the prime factors of 698552172.
2, 3, 19404227
List the prime factors of 26487575.
5, 1059503
What are the prime factors of 2025427725?
3, 5, 23, 391387
What are the prime factors of 3581847888?
2, 3, 617, 120943
What are the prime factors of 3254365418?
2, 397, 4098697
What are the prime factors of 811877787?
3, 7, 12886949
What are the prime factors of 1157364173?
7, 23619677
What are the prime factors of 241648719?
3, 13, 59, 105019
List the prime factors of 570920249.
37, 15430277
What are the prime factors of 1768701873?
3, 589567291
What are the prime factors of 206222621?
11, 457, 41023
List the prime factors of 210893984.
2, 7, 941491
List the prime factors of 124628953.
4549, 27397
List the prime factors of 7130929308.
2, 3, 53, 11212153
What are the prime factors of 1268041356?
2, 3, 17, 29, 37, 1931
What are the prime factors of 270822093?
3, 90274031
What are the prime factors of 3856474702?
2, 37, 59, 163, 5419
What are the prime factors of 6466863447?
3, 11, 21773951
What are the prime factors of 923952884?
2, 47, 167, 29429
What are the prime factors of 16733239?
16733239
What are the prime factors of 1949819458?
2, 103, 131, 72253
What are the prime factors of 525483980?
2, 5, 7, 3753457
List the prime factors of 51268943.
11, 43, 107, 1013
List the prime factors of 86308199.
1279, 67481
List the prime factors of 274478521.
274478521
What are the prime factors of 465498677?
7, 193877
What are the prime factors of 530023351?
11, 13, 163, 22739
What are the prime factors of 3228731025?
3, 5, 13, 3311519
What are the prime factors of 2025154317?
3, 11689, 57751
What are the prime factors of 206512118?
2, 2447, 42197
List the prime factors of 497141128.
2, 11, 157, 35983
List the prime factors of 211468544.
2, 7, 199, 593
List the prime factors of 330057600.
2, 3, 5, 34381
What are the prime factors of 319731434?
2, 11, 1907, 7621
List the prime factors of 1502305795.
5, 151, 317, 6277
What are the prime factors of 1575896932?
2, 139, 2834347
What are the prime factors of 217753398?
2, 3, 12097411
What are the prime factors of 55534728?
2, 3, 2313947
List the prime factors of 3070812185.
5, 7, 433, 202627
What are the prime factors of 8950931147?
8950931147
What are the prime factors of 5048531078?
2, 19, 132856081
List the prime factors of 93933167.
2111, 44497
What are the prime factors of 1390690310?
2, 5, 2251, 61781
List the prime factors of 2714887687.
2714887687
What are the prime factors of 59749836?
2, 3, 4979153
List the prime factors of 40506917.
11, 19, 193813
What are the prime factors of 2755019306?
2, 13, 1877, 56453
List the prime factors of 173079244.
2, 13, 17, 195791
What are the prime factors of 326922085?
5, 7, 1531, 6101
What are the prime factors of 27459363?
3, 9153121
List the prime factors of 465847660.
2, 5, 23292383
List the prime factors of 9115712.
2, 142433
List the prime factors of 875338088.
2, 29, 97, 401
List the prime factors of 92316710.
2, 5, 23, 59, 6803
List the prime factors of 47095351.
4933, 9547
What are the prime factors of 649390257?
3, 23, 43, 83, 293
List the prime factors of 59123643.
3, 19707881
List the prime factors of 2197682772.
2, 3, 229, 799739
What are the prime factors of 2354583222?
2, 3, 43603393
List the prime factors of 3061728577.
17, 37, 109, 44657
What are the prime factors of 343125104?
2, 7, 19, 383, 421
List the prime factors of 2979105669.
3, 47, 773, 3037
List the prime factors of 1317363566.
2, 43, 15318181
What are the prime factors of 84281826?
2, 3, 14046971
List the prime factors of 144312905.
5, 11, 31, 53, 1597
What are the prime factors of 184586858?
2, 37, 1399, 1783
List the prime factors of 180986626.
2, 53, 1707421
List the prime factors of 84963469.
1601, 53069
List the prime factors of 440729383.
440729383
List the prime factors of 720809848.
2, 11, 29, 41, 83
List the prime factors of 13367480.
2, 5, 7, 47741
What are the prime factors of 904261359?
3, 301420453
What are the prime factors of 22486138?
2, 17, 67, 9871
List the prime factors of 151799189.
19, 7989431
List the prime factors of 213260208.
2, 3, 7, 634703
List the prime factors of 134045837.
89, 229, 6577
List the prime factors of 6806380642.
2, 3403190321
List the prime factors of 384566492.
2, 971, 99013
What are the prime factors of 15466676?
2, 41, 94309
List the prime factors of 57135312.
2, 3, 13, 23, 1327
What are the prime factors of 1487062034?
2, 43, 563, 30713
List the prime factors of 9029857.
139, 167, 389
List the prime factors of 96282903.
3, 5113, 6277
List the prime factors of 7024055.
5, 1404811
What are the prime factors of 1145310284?
2, 37, 53, 146011
What are the prime factors of 70027863?
3, 19, 64661
List the prime factors of 1567601682.
2, 3, 2927, 89261
List the prime factors of 1996199033.
19, 105063107
What are the prime factors of 160501898?
2, 47, 1707467
List the prime factors of 1984362000.
2, 3, 5, 163, 2029
What are the prime factors of 116987224?
2, 14623403
List the prime factors of 1150338664.
2, 143792333
List the prime factors of 48768873.
3, 173, 93967
List the prime factors of 24247263.
3, 8082421
What are the prime factors of 97313943?
3, 23, 521, 2707
List the prime factors of 13814772.
2, 3, 103, 11177
List the prime factors of 293965631.
71, 4140361
List the prime factors of 5398542.
2, 3, 257, 389
What are the prime factors of 1062899981?
11, 13, 571759
List the prime factors of 2536377891.
3, 845459297
What are the prime factors of 108863202?
2, 3, 7, 379, 977
What are the prime factors of 3897643265?
5, 311, 2506523
List the prime factors of 9421797.
3, 7, 11, 40787
List the prime factors of 68474100.
2, 3, 5, 19, 41, 293
List the prime factors of 87158177.
8819, 9883
List the prime factors of 95081592.
2, 3, 457, 8669
What are the prime factors of 2235201575?
5, 5297, 16879
List the prime factors of 40188968.
2, 1153, 4357
What are the prime factors of 21294241?
31, 686911
List the prime factors of 1625824279.
191, 8512169
What are the prime factors of 185220283?
5849, 31667
What are the prime factors of 59601552?
2, 3, 1241699
What are the prime factors of 1139928456?
2, 3, 47497019
What are the prime factors of 241022739?
3, 80340913
What are the prime factors of 13356743?
61, 218963
List the prime factors of 6567371108.
2, 3251, 505027
List the prime factors of 3204011.
3204011
List the prime factors of 10811496.
2, 3, 450479
What are the prime factors of 37478720?
2, 5, 173, 677
List the prime factors of 374640346.
2, 227, 825199
What are the prime factors of 68490643?
13, 271, 19441
List the prime factors of 124907086.
2, 62453543
List the prime factors of 8218226.
2, 4109113
What are the prime factors of 42725142?
2, 3, 907, 2617
What are the prime factors of 2626345836?
2, 3, 79, 307823
What are the prime factors of 240700581?
3, 11, 83, 2663
What are the prime factors of 12360167?
241, 51287
What are the prime factors of 71700567?
3, 23900189
What are the prime factors of 753314699?
23, 199, 164587
List the prime factors of 777236160.
2, 3, 5, 163, 4967
List the prime factors of 87246010.
2, 5, 8724601
List the prime factors of 841830884.
2, 210457721
List the prime factors of 752582495.
5, 7, 19, 409, 2767
What are the prime factors of 9838453?
29, 339257
List the prime factors of 1566071702.
2, 13, 23, 31, 3673
List the prime factors of 35311367.
7, 13, 19, 1571
List the prime f